4/((-8)/18). List the prime factors of b(d).
2, 5
Suppose 2*a + a - 18 = 0. What are the prime factors of 1/3 - (-10)/a?
2
Let l(m) = -3*m**3 + 2*m**2 + 6*m + 1. List the prime factors of l(-3).
2, 41
Let j be (4/5)/((-16)/(-200)). Suppose j*z - 5*z - 95 = 0. What are the prime factors of z?
19
Let v(z) = -15*z - 1. Suppose 3*n + 16 = -4*i + 3*i, i - n = 4. Let b be v(i). Let r = b + -8. List the prime factors of r.
2, 3
Let n = 174 + -57. What are the prime factors of n?
3, 13
Let k = -96 - -167. What are the prime factors of k?
71
Suppose -4*q + 10*t - 7*t = -152, -5*q + 190 = -2*t. List the prime factors of q.
2, 19
Let i be 2/8*2*0. Suppose i = 3*y - 3 - 6. List the prime factors of y.
3
Let n = 5 + -8. Suppose 0 = 3*t + 11 + 10. Let p = n - t. What are the prime factors of p?
2
Suppose -g = 6*g - 833. List the prime factors of g.
7, 17
Let r = 10 - 6. Suppose 2*s = 2 + r. Suppose s*v + 3*i - 24 = 0, 36 = 5*v + 2*i + i. List the prime factors of v.
2, 3
Let f = 6 - -2. What are the prime factors of f?
2
Let o = -215 - -366. Suppose -5*m - 21 = -o. What are the prime factors of m?
2, 13
Let m(i) = i + 10. Let a be ((-5)/2)/(2/4). Let x be m(a). Suppose 0*s - 24 = -4*s - 4*z, z = -x*s + 18. List the prime factors of s.
3
What are the prime factors of (-2090)/(-19) + 2/(-1)?
2, 3
Let z = -3 - -7. Suppose -z - 21 = -5*d. What are the prime factors of d?
5
Suppose -o + 1 = n - 0, 2*o + 19 = 5*n. Suppose -5*i = -5*g - 25, -i - n*g + 0 = 3. What are the prime factors of i?
3
What are the prime factors of 140/3 - ((-2)/6)/1?
47
Suppose 2*m + 1 = 5. Let y be 5/m*24/20. List the prime factors of (-27)/y*(-8)/6.
2, 3
Suppose 2*p + 78 = 4*p. Suppose 3*h = 6*h - p. What are the prime factors of h?
13
Let n = 7 - 65. List the prime factors of n/(-5) - 4/(-10).
2, 3
Suppose 2*a - 5 = 5. Suppose c - 28 = -a*d - 8, -4 = -3*d + c. Suppose 2*v - 10 = d*o, 2*v + v + 2*o = 2. What are the prime factors of v?
2
Suppose 3*w + 2*t - 265 = 0, 5*w + 4*t - 441 = -0*t. What are the prime factors of w?
89
Let y(d) = 0*d - 4*d**2 + 4 - d**3 + 0*d - d + 0*d**2. Let n be y(-5). Suppose 4*i - 44 = -4*h, h = -h + 2*i + n. What are the prime factors of h?
2, 7
Let s = 0 + 0. Suppose 3*p - 2 = 4*w, -3*w + 5 = 2*w. Suppose s + 6 = p*i. List the prime factors of i.
3
Suppose 2*f + 11 = -33. Let u = f + 34. What are the prime factors of u?
2, 3
Let v be (-6)/21 - (-64)/28. Let f(d) = 2*d**3 + 2*d**2 - 2*d - 2. What are the prime factors of f(v)?
2, 3
Let s = 1 - -47. List the prime factors of s.
2, 3
Suppose -g = -5*h + 1, -5*h - 3*g + 10 = -7*h. Let f be 36/3 + -1*h. Let v = -1 + f. List the prime factors of v.
2, 5
Let t(m) = -3*m - 3. Let c be t(-2). Suppose -2*u = r + 8, c*r + u + 0 = 1. What are the prime factors of (-200)/(-32) + r/(-8)?
2, 3
What are the prime factors of ((-90)/5)/(3/(-8))?
2, 3
Let w = 9 - 7. What are the prime factors of -3*(w - 1) + 15?
2, 3
Suppose -5*t = -2*t + 6. Let g be t/(-2)*(1 - 6). Let c(i) = -2*i - 7. List the prime factors of c(g).
3
List the prime factors of (22/(-6) - -2)/(11/(-1023)).
5, 31
Let u = -11 + 21. Let k = 21 - u. What are the prime factors of k?
11
List the prime factors of (9/6)/(1 + 389/(-392)).
2, 7
Suppose -79 = -5*w - d, 4*w - 68 = -4*d + 2*d. Let u = w - 5. List the prime factors of u.
2, 5
Let n = 2 + 0. What are the prime factors of 6 + -4 + n - -37?
41
Suppose 0 = -2*n + 7*n. List the prime factors of -1 + 1 - n - -12.
2, 3
Let r(q) = -3*q**2 - 10*q - 7. Let s(u) = 2*u**2 + 5*u + 3. Let z(t) = 3*r(t) + 5*s(t). Let x be z(7). Suppose 4*m - x = 2*m. What are the prime factors of m?
2
Suppose 4*h - 97 = 339. What are the prime factors of h?
109
Let o(g) = -g + 1. Let n be o(4). Let j = n - -5. Suppose 5*v - 4*v - 16 = -3*u, 2*v - j*u = 8. What are the prime factors of v?
7
List the prime factors of 4/(-26) + 784/26.
2, 3, 5
Suppose -5 = c - n + 6, -3*c - 2*n = 13. Let t(s) = -3*s - 5. Let u be t(-5). Let d = c + u. List the prime factors of d.
3
Suppose 3*k - 6 = -0*k. Suppose -3*p = 2*p - 15, -c - k*p + 22 = 0. What are the prime factors of c?
2
What are the prime factors of (-1)/(-3) - 3304/(-42)?
79
Suppose -2*k - 295 = -7*k. Suppose -25 = -2*s - 5*a, 4*s - 5*a - 36 - k = 0. List the prime factors of s.
2, 5
List the prime factors of 2 - 5 - 62*-1.
59
Let q(h) = -h**2 + h + 1. Let z(o) = -3*o**2 + 9*o + 2. Let g(y) = 4*q(y) - z(y). List the prime factors of g(-4).
2, 3
Let s(q) = q + 6. Let o be s(-5). Let h(a) = -o + 4*a - 3*a - 10*a. What are the prime factors of h(-1)?
2
Let v = -17 + 17. Suppose v*s - 1 = -s, -f + 57 = s. List the prime factors of f.
2, 7
Suppose 0 = -i + 7 + 7. What are the prime factors of i?
2, 7
Let k = -475 - -845. What are the prime factors of k?
2, 5, 37
Let p = -8 + 6. List the prime factors of 12/(-24)*44/p.
11
Suppose -345 + 13 = -4*t. What are the prime factors of t?
83
Suppose -3*l - 3*k + 123 = -105, 0 = -4*l - k + 301. What are the prime factors of l?
3, 5
Suppose 2*c + 111 = 2*k + 39, 0 = k + c - 30. What are the prime factors of k?
3, 11
Suppose -3*u = -0*u + 9. What are the prime factors of (-30)/(-24) + u/(-4)?
2
Let w(b) = 16*b**2 - b. What are the prime factors of w(1)?
3, 5
Suppose -4*u - 5*t + 171 = 0, u - 3*u + 2*t + 72 = 0. Suppose m = y + 21, -m + 5*y + u = m. What are the prime factors of m?
2, 11
Let y be (8/12)/(2/3). Suppose y = -2*q + 3*q. Suppose b + q - 6 = 0. List the prime factors of b.
5
Suppose 0 = b + 2*u + 14, b - 3*u - 17 = 2*b. Let z be (16 - -3) + 1*-2. Let a = b + z. What are the prime factors of a?
3
Suppose -5 + 1 = 4*v. List the prime factors of (v + 34)*(-6)/(-18).
11
Suppose 0 = -18*i + 20*i - 250. List the prime factors of i.
5
Suppose 4*d = 8*d - 144. Suppose 3*j + 2*c = j - 2, 5*c = -j - 17. Suppose j*p + 0*p - d = 0. List the prime factors of p.
2, 3
Suppose -24 = 5*r - 9, -5*s + 5*r = -110. What are the prime factors of s?
19
Suppose 0 - 12 = -6*z. What are the prime factors of z?
2
Suppose -4*f = -2*f - 12. Let i(w) = 3*w - 1. List the prime factors of i(f).
17
Let r be (-4)/6 + (-2)/(-3). Let s = 1 - r. Suppose -q - s = n, 2*n - 14 = -0*n + 2*q. What are the prime factors of n?
3
Suppose y = -l + 20, -4*y - 52 = -2*l - 3*y. Let u be (l/(-30))/(2/(-25)). Suppose 0 = r + 2*j - u, 3*r - 3*j - 48 = 0. What are the prime factors of r?
2, 7
Let u(p) = -11*p**3 + 4*p + 3. Let v be u(-2). Suppose -3*g + 13 + v = 0. Suppose 0 = 5*h - 4*m - 8, -5*h + g = m + 3*m. List the prime factors of h.
2
Let f(h) = 2*h - 9. Let a be f(6). Suppose -40 = -5*i + a*l, 0 = -0*l + 4*l. What are the prime factors of i?
2
Let g(m) be the third derivative of 5/24*m**4 + 0 - 2*m**2 + 0*m + 1/3*m**3. What are the prime factors of g(2)?
2, 3
Let h(j) = -j**3 + 9*j**2 - 9*j + 11. Let s be h(8). Suppose -w - s*i + 1 = -4, -5*i = -w - 11. List the prime factors of 7*w*(-2)/2.
7
Suppose -2*b + 5*v - 51 = -3*b, 4*b = 3*v + 112. What are the prime factors of b?
31
Let h(r) = r**3 + 12*r**2 - 13*r + 5. Let n be h(-13). Suppose 9*w - 168 = n*w. What are the prime factors of w?
2, 3, 7
Let m(t) = -t**3 - 10*t**2 - 8*t + 12. Let k be m(-9). Suppose -3*z + 108 = k*s, 4*z + 3*s = -z + 182. What are the prime factors of z?
37
Let f(l) = l**2 + 8*l + 6. What are the prime factors of f(-8)?
2, 3
Let w = 7 - -44. What are the prime factors of w?
3, 17
Let v be 5*(1 + (-2)/5). Suppose 42 = 2*i - 2*a, -v*i = a - 6*a - 69. What are the prime factors of i?
2, 3
Let p(a) = -10*a**3 - a**2 + 2*a + 2. List the prime factors of p(-2).
2, 37
Suppose 3*i - 5*f - 10 = 6, 2 = 2*i + f. List the prime factors of i.
2
Suppose -3*p = -0*p - 261. What are the prime factors of p?
3, 29
Let h(z) = 10 - z + 11 - 5. Suppose 4*a = 5*a. What are the prime factors of h(a)?
2
Let q(v) = -v + 5. Let j be q(0). Suppose -j*w + l + 53 = 4*l, 4*w - 5*l = 72. List the prime factors of w.
13
Let c be (-70)/(-21) + 1/(-3). Let n = c - 0. Suppose 20 = n*j + j. What are the prime factors of j?
5
Suppose -3*h - 117 = -4*w, 0 = 3*h - 0 - 3. Let x = w + -18. List the prime factors of x.
2, 3
Suppose -a + 8 = -86. What are the prime factors of a?
2, 47
Let k(b) be the third derivative of b**6/120 - b**5/6 - b**4/4 - 2*b**3 - 3*b**2. What are the prime factors of k(11)?
43
Let y(z) = -4*z - 16. Let q be 855/(-165) + (-4)/(-22)